 74?
True
Does 36 divide 17640?
True
Is 104 a factor of 48568?
True
Is 99 a multiple of 9?
True
Is 225 a factor of 52968?
False
Is 11226 a multiple of 31?
False
Is 4 a factor of 26?
False
Is 77 a factor of 51141?
False
Is 48 a factor of 30576?
True
Is 8 a factor of 222?
False
Is 83 a factor of 830?
True
Is 47519 a multiple of 19?
True
Is 15808 a multiple of 29?
False
Does 7 divide 12579?
True
Is 12535 a multiple of 109?
True
Does 30 divide 1500?
True
Does 53 divide 65349?
True
Is 3156 a multiple of 11?
False
Is 170 a factor of 12409?
False
Does 4 divide 59?
False
Is 47560 a multiple of 9?
False
Is 8 a factor of 6230?
False
Is 3363 a multiple of 3?
True
Is 165 a factor of 6765?
True
Does 11 divide 536?
False
Is 3552 a multiple of 32?
True
Does 57 divide 2793?
True
Does 10 divide 1433?
False
Is 2 a factor of 18?
True
Is 7 a factor of 2551?
False
Is 14 a factor of 6521?
False
Is 44 a factor of 23672?
True
Is 126 a factor of 2984?
False
Is 117 a multiple of 16?
False
Is 8 a factor of 200?
True
Is 37 a factor of 302?
False
Is 6171 a multiple of 27?
False
Is 1812 a multiple of 12?
True
Does 30 divide 16770?
True
Is 69850 a multiple of 10?
True
Does 5 divide 64767?
False
Does 112 divide 3472?
True
Does 12 divide 3503?
False
Does 9 divide 342?
True
Is 154 a factor of 2926?
True
Is 812 a multiple of 116?
True
Is 7904 a multiple of 52?
True
Does 86 divide 1750?
False
Is 3528 a multiple of 9?
True
Is 278 a factor of 55146?
False
Is 71334 a multiple of 66?
False
Is 3180 a multiple of 12?
True
Is 230 a multiple of 9?
False
Does 14 divide 224?
True
Does 3 divide 41710?
False
Is 38410 a multiple of 115?
True
Is 1030 a multiple of 12?
False
Is 14330 a multiple of 188?
False
Is 68498 a multiple of 151?
False
Does 12 divide 3842?
False
Does 39 divide 218?
False
Is 19 a factor of 12730?
True
Is 17 a factor of 534?
False
Is 6 a factor of 2969?
False
Is 17560 a multiple of 40?
True
Is 36015 a multiple of 49?
True
Is 273 a multiple of 13?
True
Does 21 divide 668?
False
Does 15 divide 165?
True
Is 25 a factor of 27845?
False
Is 8 a factor of 29184?
True
Is 147 a multiple of 21?
True
Is 82 a factor of 680?
False
Is 1490 a multiple of 55?
False
Is 13957 a multiple of 48?
False
Is 817 a multiple of 43?
True
Does 48 divide 1152?
True
Is 51 a factor of 45853?
False
Is 70 a multiple of 44?
False
Is 40 a factor of 24728?
False
Is 199 a factor of 45944?
False
Is 32 a factor of 22153?
False
Is 55638 a multiple of 99?
True
Is 22524 a multiple of 12?
True
Is 300 a multiple of 30?
True
Is 8856 a multiple of 119?
False
Does 13 divide 93?
False
Does 4 divide 662?
False
Does 7 divide 22596?
True
Is 26091 even?
False
Is 50 a factor of 1200?
True
Is 7 a factor of 7185?
False
Does 12 divide 9354?
False
Is 11 a factor of 131230?
True
Is 711 a multiple of 52?
False
Does 22 divide 572?
True
Is 8484 a multiple of 7?
True
Is 29 a factor of 3190?
True
Is 2832 a multiple of 138?
False
Does 9 divide 370?
False
Is 19860 a multiple of 20?
True
Is 14 a factor of 1090?
False
Is 34 a factor of 914?
False
Is 29299 a multiple of 26?
False
Is 12826 a multiple of 17?
False
Does 14 divide 13661?
False
Does 26 divide 533?
False
Is 6810 a multiple of 30?
True
Is 42350 a multiple of 121?
True
Does 27 divide 243?
True
Is 266 a multiple of 14?
True
Is 836 a multiple of 11?
True
Is 9 a factor of 1197?
True
Is 17 a factor of 52462?
True
Is 14 a factor of 24696?
True
Does 69 divide 1587?
True
Does 25 divide 275?
True
Does 41 divide 532?
False
Does 102 divide 2040?
True
Is 118 a factor of 37340?
False
Is 16 a factor of 416?
True
Does 4 divide 72?
True
Is 102 a multiple of 15?
False
Is 11700 a multiple of 36?
True
Does 17 divide 612?
True
Is 481 a multiple of 31?
False
Is 1892 a multiple of 26?
False
Does 25 divide 50?
True
Is 228 a multiple of 39?
False
Is 5 a factor of 1485?
True
Does 98 divide 12544?
True
Does 83 divide 1328?
True
Is 1224 a multiple of 68?
True
Does 16 divide 103?
False
Is 969 a multiple of 36?
False
Is 9 a factor of 13948?
False
Is 336 a factor of 31248?
True
Is 4 a factor of 92?
True
Is 7 a factor of 1883?
True
Is 24 a factor of 1252?
False
Does 6 divide 5503?
False
Is 24 a factor of 80?
False
Is 38 a factor of 204?
False
Is 29190 a multiple of 30?
True
Is 31 a factor of 7328?
False
Does 7 divide 6552?
True
Is 44 a factor of 572?
True
Is 16 a factor of 6256?
True
Is 13 a factor of 715?
True
Does 18 divide 1368?
True
Is 6846 a multiple of 42?
True
Does 32 divide 480?
True
Is 3468 a multiple of 12?
True
Is 7634 a multiple of 22?
True
Is 9847 a multiple of 43?
True
Does 13 divide 266?
False
Is 127 a factor of 29730?
False
Is 3037 a multiple of 108?
False
Does 188 divide 3076?
False
Does 16 divide 809?
False
Is 572 a multiple of 44?
True
Does 69 divide 301?
False
Is 15876 a multiple of 44?
False
Does 10 divide 2893?
False
Is 12924 a multiple of 18?
True
Does 11 divide 902?
True
Is 16 a factor of 8917?
False
Is 50 a factor of 250?
True
Is 30 a factor of 90?
True
Is 10689 a multiple of 17?
False
Is 19266 a multiple of 19?
True
Is 7358 a multiple of 26?
True
Is 42 a factor of 7728?
True
Is 3 a factor of 1861?
False
Does 7 divide 1809?
False
Is 725 a multiple of 50?
False
Does 3 divide 160?
False
Is 17 a factor of 2754?
True
Does 23 divide 66562?
True
Is 15898 a multiple of 17?
False
Is 4 a factor of 100?
True
Does 4 divide 17340?
True
Is 62 a factor of 682?
True
Is 4554 a multiple of 138?
True
Does 10 divide 9030?
True
Does 152 divide 15796?
False
Is 31 a factor of 6028?
False
Is 10 a factor of 1454?
False
Is 25 a factor of 15675?
True
Does 22 divide 216?
False
Is 175 a multiple of 6?
False
Is 24 a factor of 1808?
False
Is 6 a factor of 432?
True
Is 31 a factor of 949?
False
Does 99 divide 7326?
True
Is 44 a factor of 6732?
True
Does 74 divide 6365?
False
Is 1292 a multiple of 7?
False
Is 13671 a multiple of 49?
True
Is 22 a factor of 1615?
False
Is 849 a multiple of 16?
False
Is 3911 a multiple of 17?
False
Is 200 a multiple of 20?
True
Is 1068 a multiple of 4?
True
Is 31 a factor of 231?
False
Does 9 divide 286?
False
Is 3936 a multiple of 82?
True
Is 80 a factor of 657?
False
Is 19 a factor of 139?
False
Is 711 a multiple of 89?
False
Does 13 divide 975?
True
Is 24 a factor of 153?
False
Is 108 a factor of 12096?
True
Does 2 divide 455?
False
Is 6750 a multiple of 90?
True
Is 49503 a multiple of 87?
True
Is 12 a factor of 2201?
False
Is 16 a factor of 32?
True
Does 29 divide 27993?
False
Is 22 a factor of 49456?
True
Does 3 divide 207?
True
Does 54 divide 8508?
False
Does 30 divide 6990?
True
Is 3 a factor of 9507?
True
Is 3174 a multiple of 9?
False
Is 125312 a multiple of 30?
False
Is 172 a factor of 1867?
False
Is 448 a multiple of 14?
True
Does 17 divide 1144?
False
Is 1536 a multiple of 10?
False
Does 14 divide 45640?
True
Is 23 a factor of 5359?
True
Is 3150 a multiple of 35?
True
Is 230 a factor of 6105?
False
Is 963 a multiple of 19?
False
Does 18 divide 35202?
False
Is 145 a factor of 7005?
False
Is 1477 a multiple of 104?
False
Is 14162 a multiple of 194?
True
Is 472 a multiple of 8?
True
Is 1386 a multiple of 42?
True
Is 9666 a multiple of 29?
False
Is 5187 a multiple of 19?
True
Is 22164 a multiple of 91?
False
Is 1253 a multiple of 36?
False
Is 1030 a multiple of 10?
True
Does 4 divide 98?
False
Is 10999 a multiple of 17?
True
Does 3 divide 2485?
False
Is 80 a factor of 6599?
False
Is 16 a factor of 2390?
False
Does 67 divide 2010?
True
Does 38 divide 5579?
False
Is 1274 a multiple of 49?
True
Is 16 a factor of 2336?
True
Is 5483 a multiple of 23?
False
Does 23 divide 1679?
True
Is 11 a factor of 98?
False
Does 7 divide 154?
True
Is 38 a factor of 1178?
True
Is 2394 a multiple of 14?
True
Does 7 divide 728?
True
Is 10736 a multiple of 22?
True
Does 11 divide 447?
False
Is 108974 a multiple of 44?
False
Is 6440 a multiple of 5?
True
Is 5 a factor of 885?
True
Is 15760 a multiple of 197?
True
Is 21 a factor of 1932?
True
Does 10 divide 347?
False
Does 8 divide 344?
True
Does 34 divide 34748?
True
Does 3 divide 21?
True
Is 5475 a multiple of 15?
True
Is 236 a multiple of 59?
True
Is 6 a factor of 2550?
True
Is 16401 a multiple of 77?
True
Is 8496 a multiple of 50?
False
Does 24 divide 2010?
False
Is 27637 a multiple of 12?
False
Is 913 a multiple of 23?
False
Is 34 a factor of 6